 (-2 + 5 + -5)).
-1
Evaluate 5 - 2 - 3 - 1 - 0.
-1
What is (5 - 3) + (-12 - -3) + 3?
-4
5 + -8 + 2 + 5
4
-1 + (1 - (1 - 0)) + 3
2
Evaluate -1 - 2 - (-5 + 4 + 3).
-5
What is the value of -3 - (4 + 1 - 10)?
2
What is the value of 3 + (-5 + 3 - (10 + -11))?
2
18 - (-3 + 12) - (6 - 0)
3
-6 + (0 - (-5 + (-2 - 1)))
2
What is the value of -2 + -3 + 13 + -2 + 0?
6
Evaluate -5 - (-4 - -1) - (1 - 4).
1
Evaluate (-3 - -1) + -44 + 43.
-3
Evaluate -1 - (-6 - -5) - 2.
-2
Calculate (2 - 5) + 0 + 2.
-1
-3 - (1 + (-1 - -4) - 1)
-6
What is the value of 6 + (1 - 8) + 6 + -6?
-1
7 - (-2 - (5 + 0 - 5))
9
Calculate (4 - (2 + 9)) + 3.
-4
Calculate 3 + 0 + (-3 - 0).
0
Evaluate 3 - ((1 - -1) + (-26 - -31)).
-4
What is (-1 - 0 - -4) + -2 + 4?
5
What is the value of 9 + (-7 - -4) + 2 + -2?
6
Evaluate -2 + -1 - (-4 + 6).
-5
Calculate (1 - (-5 - -3)) + (4 - 11).
-4
6 - (0 - 0 - -5 - 5)
6
Evaluate 15 - 7 - (5 + (1 - 2)).
4
Evaluate 6 + -10 + (-1 - -5 - -4).
4
What is the value of -4 - (5 + -11 + 2) - -2?
2
What is the value of -4 - (-17 - (-4 - (-2 + 4)))?
7
Evaluate 3 + (1 - -1) + -2 + -2.
1
3 - (-7 + 2 + 7)
1
1 + (2 - ((2 - 3) + 1))
3
Calculate 19 + -21 + (1 - 4).
-5
What is the value of -2 + -11 - (-58 - -40)?
5
Evaluate (-1 - 1) + (-1 - (0 + -1)).
-2
3 - -5 - (-3 - -6)
5
Evaluate -1 + 3 - (1 - -4).
-3
What is the value of (0 - -11) + -53 + 49?
7
What is -2 + 8 - (7 + 9 + -6)?
-4
What is the value of 2 + (4 + -2 - 1)?
3
Evaluate -1 - -8 - (43 - 30).
-6
Evaluate (1 - 0) + -3 + 43 + -43.
-2
What is -4 - (-3 - 4) - 4?
-1
Evaluate (22 - 26) + (0 - 1).
-5
What is 9 + -8 + -13 - -6?
-6
Evaluate -1 - ((4 - 11) + 2) - 3.
1
Calculate 16 - (10 - 2) - 6.
2
What is the value of (7 - 10) + 5 + 0?
2
Evaluate 0 - -2 - 1 - (-2 - 0).
3
8 - (-6 - (-10 - 2))
2
What is the value of -11 - (12 - 9) - -6?
-8
Calculate 10 + 5 + (-8 - 4).
3
What is the value of -2 + (2 - (6 - (1 + 1)))?
-4
-3 + 3 + -3 + 7 + -2
2
What is the value of 0 + 4 - (-3 - (4 + -12))?
-1
What is the value of 5 - (1 - (-1 + -1 + 2))?
4
Calculate (5 + 13 + -6 - 6) + -11.
-5
Calculate 3 + (1 - (9 + -6)).
1
-4 - 0 - (47 + -47)
-4
13 + -4 + -22 + 6
-7
Evaluate (2 - -9) + -7 + 0.
4
Calculate (11 - 13) + 0 + -5.
-7
Evaluate 3 + -6 + (-5 - -5).
-3
What is -5 + 0 + 6 + -3?
-2
Calculate 11 - (15 - -3) - -2.
-5
What is the value of -9 + 8 + -1 + -1?
-3
What is 1 + 4 + -2 + -3 + -2?
-2
-7 + (4 - (3 + -2 - -2))
-6
Calculate 8 - (2 - -3 - 10 - -10).
3
Calculate (3 + 0 - 2) + 2 - 3.
0
What is the value of -1 + (8 + -3 - 0 - -4)?
8
(4 - (12 - (-2 - -2))) + 2
-6
Calculate 1 - 1 - (-12 + 16).
-4
What is the value of -9 + (-4 - (-9 - 4))?
0
What is the value of -14 + 5 + 25 + -16?
0
4 - ((14 + -3 - 0) + -2)
-5
Evaluate 3 - (-3 + 9) - -6 - 5.
-2
What is the value of 5 + -1 + -2 + (-1 - 4)?
-3
Evaluate (5 - -2) + (-14 - -12).
5
Evaluate -3 - (-3 + 2 - 5).
3
What is the value of -2 - (-2 - (8 + -4))?
4
What is -7 + (-14 - (-36 + 8))?
7
What is the value of (3 - 2) + 1 + 0 + 0?
2
What is 72 + -75 - (-1 + (1 - 5))?
2
(7 - (4 + -4)) + (1 - 9)
-1
What is -1 + 2 + 1 + -3?
-1
What is 51 - 44 - (-3 - -6 - 0)?
4
Calculate 59 + -57 - (-3 - (-3 + 0)).
2
3 + -11 + -2 + (-1 - -6)
-5
What is -10 + 4 + 1 + -4 + 8?
-1
1 + 3 - (18 - 7)
-7
(-9 + 6 + -1 - -2) + 5
3
What is -1 - (4 - 1 - 6)?
2
Evaluate -2 + (-7 + 7 - 3).
-5
(0 - (2 - 1)) + -14 + 11
-4
Evaluate (2 - 3) + (5 - 3).
1
Evaluate 6 + -8 + 8 + 1.
7
Evaluate 19 - 19 - (1 + -7).
6
Calculate -2 + 1 + -2 + 3 + 3.
3
Calculate (6 - 2) + 0 + -9.
-5
Evaluate 14 - (3 - 4) - 9.
6
What is the value of 2 + (2 - 2) + (-1 - 4)?
-3
What is the value of -17 + 11 + 5 - (0 - 1)?
0
What is the value of 0 + -6 + -1 - -5?
-2
Calculate 2 - (-1 - -3) - -4 - 0.
4
Calculate (7 - ((4 - -2) + -5)) + -6.
0
What is -2 - (3 + 0 + -1)?
-4
Calculate -3 - (-16 + 9) - 3.
1
Evaluate -5 + 1 - -3 - -1 - -5.
5
-4 + (2 - (-5 + 1)) + -1
1
What is the value of 10 - 6 - (-2 + 10)?
-4
What is the value of -10 + 4 + 0 + -1?
-7
Calculate (-1 - -1) + -6 + 5.
-1
Evaluate (6 - 3 - -3) + -3 - 3.
0
What is the value of 9 + (-1 + 5 + -3 - 4)?
6
Evaluate -7 - (32 + -47 - (-3 - 0)).
5
What is 4 + -3 + 3 + (-4 - 2)?
-2
Calculate 24 - 18 - (5 + 0).
1
What is the value of 1 - 2 - (-6 - -9)?
-4
What is the value of (-6 - (4 - 8)) + -2?
-4
What is the value of 2 - (4 - 5) - 6?
-3
What is -7 + -3 + 12 + (2 - 1)?
3
What is (-2 - -6) + -3 + -1?
0
Calculate (-5 - -1) + (-4 - -3).
-5
Calculate (-7 - -6) + (0 + 0 - 0).
-1
Evaluate 1 + 2 + 0 + 3 + -1.
5
What is (0 - -1) + (16 - 13)?
4
What is -2 - (-11 - (7 + -10))?
6
48 + -46 + -1 + 7
8
Evaluate -4 + 3 + (-7 - -2) + 2.
-4
Calculate -1 - (-3 - -5) - -9.
6
Evaluate (-3 - (1 + -8)) + -9.
-5
-5 + (5 - (1 + -5 + 3))
1
-2 + 3 + 0 + -3
-2
What is 6 + -4 + -2 + -2 - -6?
4
Calculate -8 + 4 + 6 - -2.
4
What is (-5 + 3 - (-3 + 0)) + 1?
2
-1 + -10 + 1 + 20
10
Evaluate -8 + 6 - (-4 - (-2 + -2)).
-2
What is the value of 4 + (9 - (2 + 13))?
-2
What is 4 + -5 - 0 - (2 + -1)?
-2
Evaluate -5 + -1 + 9 - (5 - 0).
-2
Calculate -4 + 6 + (-7 + 4 - 1).
-2
0 - (4 + (-2 - (1 - 1)))
-2
Evaluate 0 + 3 + -5 + 3.
1
Calculate 3 - (3 + (0 - -2)) - 5.
-7
-5 + 2 + -1 + -14 + 16
-2
(1 - 1) + (7 + 7 - 9)
5
What is -14 + 10 + 1 + -1?
-4
Calculate 2 + (4 - (2 - -2)).
2
What is (0 - (6 - 5)) + 4?
3
What is (5 - 2 - -1) + -1 + -2?
1
-58 - -60 - (3 - 0)
-1
Calculate (3 - 5) + -3 + 5.
0
Calculate -2 - 0 - (-4 + 1).
1
What is (-2 - 3) + 2 - -2?
-1
What is the value of -2 + -1 + 5 - 5?
-3
What is 6 + 6 + -18 - -1 - 2?
-7
Evaluate -3 - (2 - 1) - (-2 - -3).
-5
Calculate 3 - (-2 + -2) - 4.
3
Evaluate 5 + -1 + 0 - -1.
5
What is 1 + (2 - 0) + 0?
3
What is the value of -20 + (2 - (-1 + -10))?
-7
What is the value of (1 - -1) + -4 + (-4 - -9)?
3
Calculate (0 - -9) + 5 + -13 + 8.
9
Calculate -5 - (-6 + 1 + 2).
-2
Evaluate 4 - ((2 - (1 - -1)) + 0).
4
What is the value of -3 + (3 - -1) + 1 - -2?
4
What is the value of (11 - 5) + (-3 - 3)?
0
What is 6 - ((-1 - -2) + 0)?
5
(6 - (15 - 5)) + 1
-3
What is the value of -2 - (4 - 8) - (-3 - -14)?
-9
What is 18 - 18 - (2 - -1 - 2)?
-1
2 + (-6 - (5 - 5))
-4
Calculate 4 - 1 - -2 - (-16 + 16).
5
What is the value of -5 + (5 - 2 - 1)?
-3
Evaluate -1 - (-4 - -5) - -2.
0
What is -1 + (13 - (2 - -4))?
6
What is -1 + -2 + -2 + 3 - 0?
-2
What is (-1 - -4) + (9 - 10 - -1)?
3
Evaluate 12 + -5 - (2 - 0).
5
Calculate -8 - -16 - 8 - -6.
6
What is the value of 5 + 4 - (5 + -4 - -3)?
5
Calculate 5 + 0 - (22 + -17).
0
Evaluate (17 + -9 - (7 + -2)) + -5.
-2
Calculate 1 - 0 - (40 + -34).
-5
28 + -26 - (-2 + -3)
7
Evaluate (2 - 2) + (-7 - -7) + 5.
5
What is the value of 14 - 0 - (-33 - -40) - 8?
-1
What is (8 - (-14 - (-7 - 2))) + -6?
7
What is (-4 - 1 - -10) + (-4 - -10)?
11
Calculate 8 - (-4 - -15 - 5).
2
What is the value of (-6 + 2 - -5) + 4?
5
-6 + 3 - (9 - 7) - -3
-2
8 + -2 + -1 + -5
0
What is 4 + (-1 - -2) + (38 - 40)?
3
Calculate -1 - (6 - (0 - -2)).
-5
What is 0 + 5 + -8 + 4?
1
Calculate 0 + 5 - 4 - (-18 + 24).
-5
6 + -2 + -4 + 4 + -4
0
(6 - 1) + (14 - 17)
2
What is (2 - 2 - -9 - 3) + -1?
5
7 - 3 - (2 + -2 - -8)
-4
Evaluate -1 + -2 + -129 + 125.
-7
Evaluate -10 + -1 + (-108 - -117).
-2
What is the value of 0 + -4 + 4 + -2 + -2?
-4
Calculate 2 + -3 - (-2 + (1 - 2)).
2
2 - (1 - 2) - -1
4
2 + (2 - 3) + (-1 - -4)
4
Calculate 8 + -19 - -3 - -6.
-2
What is the value of -5 - ((-3 - (-5 - -7)) + -5)?
5
Evaluate (2 - -1 - -2) + -2.
3
1 + 0 + 0 - (-34 + 39)
-4
What is 13 - 18 - (-4 - -5)?
-6
Evaluate -3 + (1 - -5 - 5).
-2
What is -14 + (-2 - 3) + 15?
-4
0 - 2 - -2 - (-2 - -3)
-1
What is the value of 9 + 1 + -8 + 2?
4
What is -69 + 79 - (4 - 0)?
6
What is 6 + (1 - (6 + -6) - 2)?
5
What is the value of 1 + (-5 - (6 + -5) - 0)?
-5
Calculate -8 + 1 + (-4 + -1 - -6).
-6
2 + -2 + -3 + 2 + -1
-2
Evaluate -5 + 1 + 0 + 0.
-4
Evaluate (-1 - 2) + (-9 - 0 - -10).
-2
Calculate 3 + 4 + (-2 + 0 - 1).
4
What is -1 - (-5 - 0) - (1 - 1)?
4
What is (-1 - 1) + -5 + 16 + -16?
-7
Evaluate -13 - (-5 + -8 + 4).
-4
What is the value of -1 - (-2 + 0) - (3 - 3)?
1
(7 + -2 + -4 - -11) + -6
6
What is 0 - (2 + -4) - 4?
-2
Calculate -9 + -5 + (14 - 1).
-1
Evaluate -3 - (-1 + (-1 - (1 - -1))).
1
Evaluate -5 + (-5 - (-2 + 3 + -10)).
-1
Calculate 0 - -3 - 3 - 3 - 0.
-3
Evaluate -2 - (-3 + 5 + -5).
1
What is (22 - 12) + -17 - -2?
-5
What is the value of (-8 - -5) + (7 - 1)?
3